{"id":3,"date":"2021-06-22T09:03:04","date_gmt":"2021-06-22T07:03:04","guid":{"rendered":"http:\/\/test.rv-bad-driburg.de\/?page_id=3"},"modified":"2021-11-30T09:50:06","modified_gmt":"2021-11-30T08:50:06","slug":"datenschutzerklaerung","status":"publish","type":"page","link":"https:\/\/www.rv-bad-driburg.de\/index.php\/datenschutzerklaerung\/","title":{"rendered":"Datenschutzerkl\u00e4rung"},"content":{"rendered":"<div class=\"fusion-fullwidth fullwidth-box fusion-builder-row-1 fusion-flex-container nonhundred-percent-fullwidth non-hundred-percent-height-scrolling\" style=\"--awb-border-radius-top-left:0px;--awb-border-radius-top-right:0px;--awb-border-radius-bottom-right:0px;--awb-border-radius-bottom-left:0px;--awb-flex-wrap:wrap;\" ><div class=\"fusion-builder-row fusion-row fusion-flex-align-items-flex-start fusion-flex-content-wrap\" style=\"max-width:1248px;margin-left: calc(-4% \/ 2 );margin-right: calc(-4% \/ 2 );\"><div class=\"fusion-layout-column fusion_builder_column fusion-builder-column-0 fusion_builder_column_1_1 1_1 fusion-flex-column\" style=\"--awb-bg-size:cover;--awb-width-large:100%;--awb-margin-top-large:0px;--awb-spacing-right-large:1.92%;--awb-margin-bottom-large:20px;--awb-spacing-left-large:1.92%;--awb-width-medium:100%;--awb-order-medium:0;--awb-spacing-right-medium:1.92%;--awb-spacing-left-medium:1.92%;--awb-width-small:100%;--awb-order-small:0;--awb-spacing-right-small:1.92%;--awb-spacing-left-small:1.92%;\"><div class=\"fusion-column-wrapper fusion-column-has-shadow fusion-flex-justify-content-flex-start fusion-content-layout-column\"><div class=\"fusion-title title fusion-title-1 fusion-sep-none fusion-title-text fusion-title-size-one\" style=\"--awb-margin-top-small:10px;--awb-margin-right-small:0px;--awb-margin-bottom-small:10px;--awb-margin-left-small:0px;\"><h1 class=\"fusion-title-heading title-heading-left\" style=\"margin:0;\"><h1>Datenschutzerkl\u00e4rung (vorl\u00e4ufig)<\/h1><\/h1><\/div><div class=\"fusion-text fusion-text-1\" style=\"--awb-text-transform:none;\"><p>Diese Datenschutzerkl\u00e4rung dient der Aufkl\u00e4rung der Nutzer \u00fcber die Art, den Umfang und die Zwecke der Erhebung und Verwendung personenbezogener Daten durch den Reiterverein Bad Driburg e.V.<\/p>\n<p>Im Bundesdatenschutzgesetz und Telemediengesetz finden sich die rechtlichen Grundlagen des Datenschutzes.\u00a0<\/p>\n<p><strong>Zugriffsdaten \/ Logfiles<\/strong><br \/>Der Anbieter erhebt und speichert Daten \u00fcber jeden Zugriff auf das Angebot, dies sind sogenannte Server-Logfiles. Solche Zugriffsdaten k\u00f6nnen sein:<\/p>\n<ul>\n<li>Der Name der abgerufenen Webseite<\/li>\n<li>Referrer URL<\/li>\n<li>Datum und Uhrzeit der Serveranfrage<\/li>\n<li>\u00fcbertragene Datenmenge<\/li>\n<li>Browsertyp\/ Browserversion<\/li>\n<li>das vom Nutzer verwendete Betriebssystem<\/li>\n<li>IP-Adresse des Nutzers<\/li>\n<li>Meldung \u00fcber erfolgreichen Abruf<\/li>\n<\/ul>\n<p>Diese Protokolldaten werden vom Anbieter nur f\u00fcr statistische Auswertungen zum Zweck des Betriebs, der Sicherheit und der Optimierung des Angebots verwendet. Es bleibt dem Anbieter jedoch vorbehalten, die Protokolldaten nachtr\u00e4glich zu pr\u00fcfen, wenn er aufgrund konkreter Anhaltspunkte Kenntnis \u00fcber eine rechtswidrige Nutzung erh\u00e4lt oder der berechtigte Verdacht einer rechtswidrigen Nutzung besteht.<br \/>Personenbezogene Daten<\/p>\n<p>Personenbezogene Daten sind Einzelangaben \u00fcber pers\u00f6nliche oder sachliche Verh\u00e4ltnisse einer bestimmten oder bestimmbaren nat\u00fcrlichen Person. Dies sind insbesondere, aber nicht ausschlie\u00dflich, der Name, die E-Mail-Adresse, die Telefonnummer oder das Geschlecht einer Person, deren Hobbies oder Webseiten, die eine Person besucht.<\/p>\n<p>Der Anbieter erhebt, nutzt oder \u00fcbermittelt personenbezogene Daten nur dann, wenn dies gesetzlich erlaubt ist oder die Nutzer in die Datenerhebung einwilligen.<br \/>Registrierung<\/p>\n<p>Diese Daten werden f\u00fcr die Zwecke der Nutzung des Angebots verwendet. Diese Daten werden verwendet, um Nutzer per E-Mail \u00fcber relevante Informationen im Hinblick auf das Angebot oder die Registrierung sowie technische Umst\u00e4nde zu informieren.<\/p>\n<p><strong>Kontaktaufnahme zum Anbieter<\/strong><br \/>Nimmt der Nutzer Kontakt zum Anbieter auf (beispielsweise \u00fcber das Kontaktformular oder die E-Mail-Adressen des Anbieters), werden die Angaben aus dem Kontaktformular oder der E-Mail inklusive der dort angegebenen Kontaktdaten des Nutzers zwecks Bearbeitung der Anfrage sowie f\u00fcr den Fall, dass etwaige Anschlussfragen entstehen, gespeichert. Ohne Einwilligung werden diese Daten nicht weitergegeben.<br \/>Kommentare und Beitr\u00e4ge<\/p>\n<p>Registrierte Nutzer haben auf der Website die M\u00f6glichkeit, Kommentare oder Beitr\u00e4ge zu hinterlassen. Machen die Nutzer von diesen Funktionen Gebrauch, werden ihre IP-Adressen gespeichert.<\/p>\n<p>&nbsp;<\/p>\n<p>Dies erfolgt zur Absicherung des Anbieters, falls von Nutzern rechtswidrige Inhalte verfasst und ver\u00f6ffentlicht werden (Beispiel: Beleidigungen, Verleumdungen, etc.). Dem Anbieter ist daran gelegen, dass die Verfasser f\u00fcr ihre Inhalte in solchen F\u00e4llen belangt werden k\u00f6nnen, daher ist der Anbieter an der Identit\u00e4t dieser Nutzer interessiert. Hinterl\u00e4sst der Nutzer einen Beitrag oder einen Kommentar auf der Plattform, so wird er \u00fcber Reaktionen anderer Nutzer (bsw. Kommentare, Folgebeitr\u00e4ge) per E-Mail informiert. Nutzer k\u00f6nnen Systembenachrichtigungen per Email jederzeit \u00fcber ihr Nutzerprofil abbestellen. Jede Email-Benachrichtigung enth\u00e4lt zudem konkrete Hinweise zur Abbestellung der Systemnachrichten.<\/p>\n<p><strong>Newsletter<\/strong><br \/>Der Newsletter informiert interessierte Nutzer regelm\u00e4\u00dfig \u00fcber den Anbieter und seine Angebote.<br \/>M\u00f6chte der Nutzer den Newsletter erhalten, ben\u00f6tigt der Anbieter eine valide E-Mail-Adresse sowie Informationen, die ihm die \u00dcberpr\u00fcfung gestatten, dass es sich bei dem Nutzer tats\u00e4chlich um den Inhaber der angegebenen E-Mail-Adresse handelt, bzw. dass der Inhaber der angegebenen E-Mail-Adresse mit dem Empfang der Newsletters einverstanden ist. Mit der Anmeldung zum Newsletter werden die IP-Adresse des Nutzers und das Datum der Anmeldung gespeichert. Dies dient dem Nachweis f\u00fcr den Fall, dass ein Dritter die E-Mail-Adresse missbraucht oder sich ein Dritter ohne Wissen des Berechtigten f\u00fcr den Empfang der Newsletter anmeldet.<\/p>\n<p>Der Nutzer kann die erteilte Einwilligung zur Speicherung seiner Daten, der E-Mail-Adresse sowie deren Nutzung zum Versand des Newsletters jederzeit widerrufen, etwa \u00fcber den \u201eAbmelden\u201c-Link in den Newslettern selbst oder per Mitteilung an die oben stehenden Kontaktm\u00f6glichkeiten.<\/p>\n<p><strong>Einbindung von Diensten und Inhalten von Drittanbietern<\/strong><br \/>Es kann sein, dass innerhalb dieses Angebots Inhalte Dritte, wie beispielsweise YouTube-Videos, Google-Maps-Karten, RSS-Feeds oder Grafiken anderer Webseiten eingebunden werden. Dies setzt voraus, dass die Anbieter dieser Dienste oder Inhalte (nachfolgend \u201eDrittanbieter\u201c) die IP-Adresse der Nutzer wahrnehmen. Die IP-Adresse ist f\u00fcr die Darstellung dieser Dienste oder Inhalte zwingend erforderlich, denn ohne Kenntnis der IP-Adresse w\u00e4re es nicht m\u00f6glich, dass die Dienste oder Inhalte an den Browser des jeweiligen Nutzers gesendet werden. Der Anbieter bem\u00fcht sich, nur solche Dienste oder Inhalte zu nutzen, deren jeweilige Anbieter die IP-Adresse des Nutzers nur zur Auslieferung der Inhalte verwenden. Der Anbieter hat jedoch keinen Einfluss darauf, falls der Drittanbieter die IP-Adresse beispielsweise f\u00fcr statistische Zwecke speichert. Ist dem Anbieter eine solche Nutzung bekannt, kl\u00e4rt er die Nutzer dar\u00fcber auf.<br \/>Cookies<\/p>\n<p>Das Angebot des Anbieters verwendet Cookies. Cookies sind Dateien, die es erm\u00f6glichen, auf dem Zugriffsger\u00e4t der Nutzer (PC, Tablet, Smartphone o.\u00e4.) spezifische, auf das Ger\u00e4t bezogene Informationen zu speichern. Cookies dienen dazu, das Angebot des Anbieters nutzerfreundlicher zu machen, beispielsweise durch die Speicherung von Logindaten. Sie dienen aber auch dazu, statistische Daten der Webseitennutzung zu erfassen und sie zwecks Verbesserung des Angebotes analysieren zu k\u00f6nnen. \u00a0<\/p>\n<p>Nutzer k\u00f6nnen ihren Browser so einstellen, dass das Speichern von Cookies eingeschr\u00e4nkt oder verhindert wird oder dass sie \u00fcber das Setzen von Cookies informiert werden und dies im Einzelfall erlauben k\u00f6nnen. Es wird allerdings darauf hingewiesen, dass die Funktionalit\u00e4t des Angebotes ohne Nutzung von Cookies eingeschr\u00e4nkt sein kann.<\/p>\n<p><strong>Google Analytics<\/strong><br \/>Dieses Angebot nutzt Google Analytics, einen Webanalysedienst der Google Inc. 1600 Amphitheatre Parkway Mountain View, CA 94043, USA (nachfolgend \u201eGoogle\u201c). Google Analytics verwendet sog. \u201eCookies\u201c, also Textdateien, die auf Computer der Nutzer gespeichert werden und die eine Analyse der Benutzung der Website durch sie erm\u00f6glichen.<\/p>\n<p>&nbsp;<\/p>\n<p>Die durch den Cookie erzeugten Informationen \u00fcber Benutzung dieses Angebotes durch die Nutzer werden in der Regel an einen Server von Google in den USA \u00fcbertragen und dort gespeichert. Im Falle der Aktivierung der IP-Anonymisierung auf dieser Webseite, wird die IP-Adresse der Nutzer von Google jedoch innerhalb von Mitgliedstaaten der Europ\u00e4ischen Union oder in anderen Vertragsstaaten des Abkommens \u00fcber den Europ\u00e4ischen Wirtschaftsraum zuvor gek\u00fcrzt. Nur in Ausnahmef\u00e4llen wird die volle IP-Adresse an einen Server von Google in den USA \u00fcbertragen und dort gek\u00fcrzt. Die IP-Anonymisierung ist auf dieser Website aktiv. Im Auftrag des Betreibers dieser Website wird Google diese Informationen benutzen, um die Nutzung der Website durch die Nutzer auszuwerten, um Reports \u00fcber die Websiteaktivit\u00e4ten zusammenzustellen und um weitere mit der Websitenutzung und der Internetnutzung verbundene Dienstleistungen gegen\u00fcber dem Websitebetreiber zu erbringen. Die im Rahmen von Google Analytics von Ihrem Browser \u00fcbermittelte IP-Adresse wird nicht mit anderen Daten von Google zusammengef\u00fchrt.<\/p>\n<p>Die Nutzer k\u00f6nnen die Speicherung der Cookies durch eine entsprechende Einstellung Ihrer Browser-Software verhindern. Es wird jedoch darauf hingewiesen, dass die Nutzer in diesem Fall gegebenenfalls nicht s\u00e4mtliche Funktionen dieser Website vollumf\u00e4nglich werden nutzen k\u00f6nnen. Die Nutzer k\u00f6nnen dar\u00fcber hinaus die Erfassung der durch das Cookie erzeugten und auf ihre Nutzung der Website bezogenen Daten (inkl. Ihrer IP-Adresse) an Google sowie die Verarbeitung dieser Daten durch Google verhindern, indem sie das unter dem folgenden Link verf\u00fcgbare Browser-Plugin herunterladen und installieren: http:\/\/tools.google.com\/dlpage\/gaoptout?hl=de.<\/p>\n<p>Alternativ zum Browser-Add-On oder innerhalb von Browsern auf mobilen Ger\u00e4ten, klicken Sie bitte diesen Link, um die Erfassung durch Google Analytics innerhalb dieser Website zuk\u00fcnftig zu verhindern. Dabei wird ein Opt-Out-Cookie auf Ihrem Ger\u00e4t abgelegt. L\u00f6schen Sie Ihre Cookies, m\u00fcssen Sie diesen Link erneut anklicken.<\/p>\n<p><strong>Einsatz von Google-Adwords<\/strong><br \/>Die Anbieterin nutzt im Rahmen ihrer Online-Marketing-Ma\u00dfnahmen das Online-Werbeprogramm \u201eGoogle AdWords\u201c der Google Inc. (www.google.com) ein. Damit Unternehmen, die Google f\u00fcr die Schaltung von Anzeigen bezahlen (sogenannte Inserenten) feststellen k\u00f6nnen, wie viele Personen nach dem Klicken auf die Anzeigen anschlie\u00dfend auch die beworbenen Produkte kaufen, setzt Google einen Cookie (Conversion-Tracking). Das Conversion-Tracking Cookie wird nur dann auf einem Endger\u00e4t gespeichert, wenn Nutzer auf eine von Google geschaltete Anzeige klicken, bei der der Inserent das Conversion-Tracking einsetzt. Die Conversion-Tracking Cookies laufen nach 90 Tagen ab und enthalten keine Informationen, durch die Nutzer pers\u00f6nlich identifiziert werden k\u00f6nnen. Sofern das Cookie noch nicht abgelaufen ist und Nutzer bestimmte Seiten der Website eines Inserenten besuchen, k\u00f6nnen Google und der Inserent erkennen, dass sie auf die Anzeige geklickt haben und zu dieser Seite weitergeleitet wurden. Dabei erh\u00e4lt jeder Inserent ein anderes Cookie, so dass Cookies nicht \u00fcber die Websites von Inserenten nachverfolgt werden k\u00f6nnen. Cookies f\u00fcr Conversion-Tracking k\u00f6nnen deaktiviert werden, indem Nutzer ihren Browser so einstellen, dass Cookies von der Domain \u201egoogleadservices.com\u201c blockiert werden. Weitere Hinweise zur damit einhergehenden Datenverarbeitung und zu Widerspruchsm\u00f6glichkeiten finden sich unter hier: https:\/\/www.google.com\/intl\/de\/policies\/privacy\/ <br \/>Webtracking \u00fcber das Skalierbare Zentrale Messverfahren (\u201eSZM\u201c) \/ IVW<\/p>\n<p>Dieses Angebot setzt Analysetools von Drittanbietern ein, um das Angebot auf die Bed\u00fcrfnisse des Kunden anzupassen und das Angebot entsprechend zu verbessern. Mit Hilfe der Analysetools kann der Anbieter erkennen, woher der Nutzer der Website kommt, welche Bereiche auf dem Angebot aufgesucht werden und wie oft und wie lange bestimmte Unterseite und Kategorien angesehen werden. Hierzu setzt dieses Angebot die Technologie der INFOnline GmbH als zentraler Messdienstleister der Informationsgemeinschaft zur Feststellung der Verbreitung von Werbetr\u00e4gern e.V. (IVW) ein.<\/p>\n<p>Dieses Angebot setzt das \u201eSkalierbare Zentrale Messverfahren\u201c (nachfolgend \u201eSZM\u201c) der INFOnline GmbH (http:\/\/www.infonline.de) f\u00fcr die Ermittlung statistischer Kennwerte zur Nutzung dieses Angebots ein.<\/p>\n<p>Bei diesem Messverfahren werden anonyme Messwerte erhoben. Die SZM-Reichweitenmessung verwendet zur Wiedererkennung von Computersysteme alternativ entweder einen Cookie mit der Kennung \u201eioam.de\u201c, \u201eivwbox.de\u201c, ein LocalStorage Objekt oder eine Signatur die aus verschiedenen automatisch \u00fcbertragenen Informationen des Browsers des Nutzers erstellt wird. IP-Adressen werden ausschlie\u00dflich in anonymisierter Form verarbeitet.<\/p>\n<p>Die Entwicklung der Reichweitenbemessung erfolgte unter Beachtung des Datenschutzes. Ihr Ziel ist es, die Nutzungsintensit\u00e4t und die Anzahl der Nutzer einer Website statistisch zu bestimmen, ohne dabei einzelne Nutzer zu identifizieren. Die Identit\u00e4t der Nutzer bleibt immer gesch\u00fctzt. Der Nutzer erh\u00e4lt \u00fcber das System keine Werbung.<\/p>\n<p>F\u00fcr Web-Angebote, die Mitglied der Informationsgemeinschaft zur Feststellung der Verbreitung von Werbetr\u00e4gern e.V. (nachfolgend \u201eIVW\u201c \u2013 http:\/\/www.ivw.eu) sind oder an der Studie \u201einternet facts\u201c der Arbeitsgemeinschaft Online-Forschung e.V. (nachfolgend \u201eAGOF\u201c \u2013 www.agof.de) teilnehmen, werden die Nutzungsstatistiken monatlich von der AGOF und der Arbeitsgemeinschaft Media-Analyse e.V. (ag.ma \u2013 www.agma-mmc.de) sowie der IVW ver\u00f6ffentlicht und k\u00f6nnen unter http:\/\/agof.de, http:\/\/agma-mmc.de und http:\/\/www.ivw.eu eingesehen werden. Neben der Ver\u00f6ffentlichung von Messdaten \u00fcberpr\u00fcft der IVW das SZM-Verfahren regelm\u00e4\u00dfig im Hinblick auf eine regel- und datenschutzkonforme Nutzung.<\/p>\n<p>Weitere Informationen zum SZM-Verfahren k\u00f6nnen auf der Website der Betreiberin des SZM-Verfahrens, der INFOnline GmbH (https:\/\/www.infonline.de), in den Datenschutzbestimmungen der AGOF (http:\/\/www.agof.de\/datenschutz) und der Website des IVW (http:\/\/www.ivw.eu) entnommen werden.<\/p>\n<p>Der Nutzer kann der Datenverarbeitung durch das SZM-Verfahren unter folgenden Links widersprechen: http:\/\/optout.ioam.de und http:\/\/optout.ivwbox.de.<\/p>\n<p><strong>Verwendung von Facebook Social Plugins<\/strong><br \/>Dieses Angebot verwendet Social Plugins (&#8222;Plugins&#8220;) des sozialen Netzwerkes facebook.com, welches von der Facebook Inc., 1601 S. California Ave, Palo Alto, CA 94304, USA betrieben wird (&#8222;Facebook&#8220;). Die Plugins sind an einem der Facebook Logos erkennbar (wei\u00dfes \u201ef\u201c auf blauer Kachel, den Begriffen &#8222;Like&#8220;, &#8222;Gef\u00e4llt mir&#8220; oder einem \u201eDaumen hoch\u201c-Zeichen) oder sind mit dem Zusatz &#8222;Facebook Social Plugin&#8220; gekennzeichnet. Die Liste und das Aussehen der Facebook Social Plugins kann hier eingesehen werden: https:\/\/developers.facebook.com\/docs\/plugins\/.<\/p>\n<p>Wenn ein Nutzer eine Webseite dieses Angebots aufruft, die ein solches Plugin enth\u00e4lt, baut sein Browser eine direkte Verbindung mit den Servern von Facebook auf. Der Inhalt des Plugins wird von Facebook direkt an Ihren Browser \u00fcbermittelt und von diesem in die Webseite eingebunden. Der Anbieter hat daher keinen Einfluss auf den Umfang der Daten, die Facebook mit Hilfe dieses Plugins erhebt und informiert die Nutzer daher entsprechend seinem Kenntnisstand:<\/p>\n<p>Durch die Einbindung der Plugins erh\u00e4lt Facebook die Information, dass ein Nutzer die entsprechende Seite des Angebots aufgerufen hat. Ist der Nutzer bei Facebook eingeloggt, kann Facebook den Besuch seinem Facebook-Konto zuordnen. Wenn Nutzer mit den Plugins interagieren, zum Beispiel den Like Button bet\u00e4tigen oder einen Kommentar abgeben, wird die entsprechende Information von Ihrem Browser direkt an Facebook \u00fcbermittelt und dort gespeichert. Falls ein Nutzer kein Mitglied von Facebook ist, besteht trotzdem die M\u00f6glichkeit, dass Facebook seine IP-Adresse in Erfahrung bringt und speichert. Laut Facebook wird in Deutschland nur eine anonymisierte IP-Adresse gespeichert.<\/p>\n<p>Zweck und Umfang der Datenerhebung und die weitere Verarbeitung und Nutzung der Daten durch Facebook sowie die diesbez\u00fcglichen Rechte und Einstellungsm\u00f6glichkeiten zum Schutz der Privatsph\u00e4re der Nutzer , k\u00f6nnen diese den Datenschutzhinweisen von Facebook entnehmen: https:\/\/www.facebook.com\/about\/privacy\/.<\/p>\n<p>Wenn ein Nutzer Facebookmitglied ist und nicht m\u00f6chte, dass Facebook \u00fcber dieses Angebot Daten \u00fcber ihn sammelt und mit seinen bei Facebook gespeicherten Mitgliedsdaten verkn\u00fcpft, muss er sich vor dem Besuch des Internetauftritts bei Facebook ausloggen.<br \/>+1 Schaltfl\u00e4che von Google+<br \/>Dieses Angebot verwendet die \u201c+1\u2033-Schaltfl\u00e4che des sozialen Netzwerkes Google Plus, welches von der Google Inc., 1600 Amphitheatre Parkway, Mountain View, CA 94043, United States betrieben wird (\u201cGoogle\u201d). Der Button ist an dem Zeichen \u201c+1\u2033 auf wei\u00dfem oder farbigen Hintergrund erkennbar.<\/p>\n<p>Wenn ein Nutzer eine Webseite dieses Angebotes aufruft, die eine solche Schaltfl\u00e4che enth\u00e4lt, baut der Browser eine direkte Verbindung mit den Servern von Google auf. Der Inhalt der \u201c+1\u2033-Schaltfl\u00e4che wird von Google direkt an seinen Browser \u00fcbermittelt und von diesem in die Webseite eingebunden. der Anbieter hat daher keinen Einfluss auf den Umfang der Daten, die Google mit der Schaltfl\u00e4che erhebt. Laut Google werden ohne einen Klick auf die Schaltfl\u00e4che keine personenbezogenen Daten erhoben. Nur bei eingeloggten Mitgliedern, werden solche Daten, unter anderem die IP-Adresse, erhoben und verarbeitet.<\/p>\n<p>Zweck und Umfang der Datenerhebung und die weitere Verarbeitung und Nutzung der Daten durch Google sowie Ihre diesbez\u00fcglichen Rechte und Einstellungsm\u00f6glichkeiten zum Schutz Ihrer Privatsph\u00e4re k\u00f6nnen die Nutzer Googles Datenschutzhinweisen zu der \u201c+1\u2033-Schaltfl\u00e4che entnehmen: http:\/\/www.google.com\/intl\/de\/+\/policy\/+1button.html und der FAQ: http:\/\/www.google.com\/intl\/de\/+1\/button\/.<\/p>\n<p><strong>Auskunftsrecht und Widerruf<\/strong><br \/>Sollte der Nutzer mit der Speicherung seiner personenbezogenen Daten nicht mehr einverstanden oder diese unrichtig geworden sein, wird der Anbieter auf eine entsprechende Weisung hin die L\u00f6schung oder Sperrung seiner Daten veranlassen oder die notwendigen Korrekturen vornehmen (soweit dies nach dem geltendem Recht m\u00f6glich ist). Auf Wunsch erh\u00e4lt der Nutzer unentgeltlich Auskunft \u00fcber alle personenbezogenen Daten, die der Anbieter \u00fcber ihn gespeichert hat.<\/p>\n<p>Bei Fragen zur Erhebung, Verarbeitung oder Nutzung Ihrer personenbezogenen Daten, bei Ausk\u00fcnften, Berichtigung, Sperrung oder L\u00f6schung von Daten sowie Widerruf erteilter Einwilligungen wenden Sie sich bitte an den Anbieter:<\/p>\n<p>Reiterverein Bad Driburg e.V.<\/p>\n<p>S\u00fcdenfeldmark 10<\/p>\n<p>33014 Bad Driburg<\/p>\n<p><a href=\"http:\/\/www.autohaus-innobeko.de\/index.php\/kontakt\">eMail-Kontakt<\/a><\/p>\n<\/div><\/div><\/div><\/div><\/div>\n","protected":false},"excerpt":{"rendered":"","protected":false},"author":1,"featured_media":0,"parent":0,"menu_order":0,"comment_status":"closed","ping_status":"open","template":"","meta":{"footnotes":""},"class_list":["post-3","page","type-page","status-publish","hentry"],"_links":{"self":[{"href":"https:\/\/www.rv-bad-driburg.de\/index.php\/wp-json\/wp\/v2\/pages\/3","targetHints":{"allow":["GET"]}}],"collection":[{"href":"https:\/\/www.rv-bad-driburg.de\/index.php\/wp-json\/wp\/v2\/pages"}],"about":[{"href":"https:\/\/www.rv-bad-driburg.de\/index.php\/wp-json\/wp\/v2\/types\/page"}],"author":[{"embeddable":true,"href":"https:\/\/www.rv-bad-driburg.de\/index.php\/wp-json\/wp\/v2\/users\/1"}],"replies":[{"embeddable":true,"href":"https:\/\/www.rv-bad-driburg.de\/index.php\/wp-json\/wp\/v2\/comments?post=3"}],"version-history":[{"count":1,"href":"https:\/\/www.rv-bad-driburg.de\/index.php\/wp-json\/wp\/v2\/pages\/3\/revisions"}],"predecessor-version":[{"id":99,"href":"https:\/\/www.rv-bad-driburg.de\/index.php\/wp-json\/wp\/v2\/pages\/3\/revisions\/99"}],"wp:attachment":[{"href":"https:\/\/www.rv-bad-driburg.de\/index.php\/wp-json\/wp\/v2\/media?parent=3"}],"curies":[{"name":"wp","href":"https:\/\/api.w.org\/{rel}","templated":true}]}}